 11 = 4*s - 48. What are the prime factors of s?
2
Let p(c) = 2*c - 1. Let j be p(2). Suppose 0 = -0*t - j*t + 84. What are the prime factors of t?
2, 7
Let m = 3 + -3. Suppose -210 = -m*s - 5*s. What are the prime factors of s?
2, 3, 7
Let g = 197 - -59. What are the prime factors of g?
2
Suppose 4*j + j = 0. Let y be (j/(-1))/(-3) - -15. Suppose -2*a + y = a. What are the prime factors of a?
5
Let d(i) = -27*i - 14. What are the prime factors of d(-3)?
67
Suppose 152 = 5*m + 2. List the prime factors of 325/m - 3/(-18).
11
Let w = 13 + -18. Let n = w + 16. What are the prime factors of n?
11
Let l(u) = u**3 + 7*u**2 - 2*u - 8. List the prime factors of l(-7).
2, 3
Suppose -2*b = -2 - 4, -3*b + 43 = 2*q. Suppose 3*n - 2*n = 29. Let r = n - q. List the prime factors of r.
2, 3
Let m(v) = -3*v - 2 - v + v. Let r be m(-4). Let u = r + -6. What are the prime factors of u?
2
Let l be (-4)/(-6) + 228/9. Suppose l = t + 2. List the prime factors of t.
2, 3
Suppose 4*b + 12 = 5*p, -3*b = 4*p - 21 - 1. Let g(i) = i**3 + i**2 - i. List the prime factors of g(b).
2, 5
Suppose 0 = 3*i + i. Suppose i = -w + 1 + 47. List the prime factors of w.
2, 3
Suppose -t + 5 = 0, 4*t - 241 + 715 = 2*r. What are the prime factors of r?
13, 19
Let u(p) = -2*p + 1 + 2*p + 2*p. List the prime factors of u(2).
5
Suppose -5 = -4*u + 3. List the prime factors of 1/u + (-75)/(-6).
13
Suppose 21 = 4*j - n, -5*n = -0*n - 15. List the prime factors of j.
2, 3
Let u be 3/9*(-3)/(-1). Let m(k) = 0*k**3 + 6*k**2 - k**3 + u - 5*k + 2 + 1. List the prime factors of m(5).
2
Let j(r) = -r**3 - 4*r**2 - 5*r. Let n be j(-4). Suppose -40 = -5*b + 3*u + n, -2*b - 2*u + 40 = 0. What are the prime factors of b?
3, 5
Suppose 5*h = -4*q + 728, -h + 287 = h + 3*q. What are the prime factors of h?
2, 37
Let l = 4 + -1. Let h(d) = 2*d**3 - d**2 + 1. Let f be h(1). Suppose -5*w + w - f*u = -20, l*w = -4*u + 10. List the prime factors of w.
2, 3
Let n(t) = 7*t**3 - t**2 + t - 1. Let s be n(1). Let h(f) = -f**2 + 2*f + 6. Let m be h(s). Let k = m - -30. List the prime factors of k.
2, 3
Let v(h) be the third derivative of -h**6/120 - 7*h**5/60 - h**4/12 + h**3/6 + h**2. What are the prime factors of v(-7)?
3, 5
Let s be 3 - (1 + 3)/(-4). Suppose 18 + 26 = s*m. List the prime factors of m.
11
Let k(x) = x + 17. Let g be k(-5). List the prime factors of 1/(2 - g/8).
2
Suppose t - 6 - 6 = -5*l, -2*l + 48 = 4*t. List the prime factors of 6/(-8) - (-297)/t.
2, 3
Let f(u) = u**3 - 4*u**2 - u - 7. Let h be f(5). Let l = h + 8. List the prime factors of l.
3, 7
Suppose 3*y = 3*o - 30, -3*o + 8*o + 5*y = 0. Suppose -o*p + 5*f - 55 = 0, -3*p - 15 = 4*f - f. List the prime factors of (-19)/p*-2*-4.
19
Suppose 4*h + 392 = 4*z, 3*h + 20 = -h. What are the prime factors of z?
3, 31
Suppose -f + 11 + 41 = 0. What are the prime factors of f?
2, 13
Let r(i) = -13*i - 25. What are the prime factors of r(-8)?
79
Suppose 0 = -v + 3*v - 92. Let o = v - 30. Suppose -8*q + o = -4*q. What are the prime factors of q?
2
Suppose 0 = -0*n - n + 5, 2*n = 5*c. List the prime factors of c/(-4) - (-56)/16.
3
Suppose 5*o + 45 = 5*y, y + o - 1 = -0*o. Suppose -71 = -y*x + x - 3*z, 2*x = 3*z + 13. What are the prime factors of x?
2, 7
Suppose -2*n + 615 = 3*z, 6*n - 1547 = n + 2*z. What are the prime factors of n?
3, 103
Let h = -52 + 214. What are the prime factors of h?
2, 3
Suppose 5*w - 150 = -0*o - 4*o, -3*w = 5*o - 77. What are the prime factors of w?
2, 17
Suppose 0 = c + 2*c. List the prime factors of 1/(-1) - (c + -14).
13
What are the prime factors of (-118)/(-4) - (-16)/(-32)?
29
Let a(c) = -3*c - 5. Let s be a(-11). Suppose -3*q = 3*p - 27, -3*q + 0*q + s = 4*p. What are the prime factors of q?
2
Suppose 0 = 4*l - 165 - 51. Suppose 0 = 2*d + 2*y - l, -2*d - 4*y + 25 + 39 = 0. What are the prime factors of d?
2, 11
Let c = 2 - -35. List the prime factors of c.
37
Let p = 5 + 0. Let q = p - 5. List the prime factors of q/3 + 6/2.
3
Let o = -12 - -15. What are the prime factors of 2/o - 50/(-6)?
3
Let n be (-4)/(-3)*12/8. Let i = 5 + n. What are the prime factors of i?
7
What are the prime factors of 2311/9 + 14/63?
257
Suppose -2*l + 208 = 2*l. Suppose 4*j + 0*j - l = 0. What are the prime factors of j?
13
Let p be (-34)/(-3) - (-2)/3. Let v = p + -8. List the prime factors of v.
2
Let k = 41 - 13. What are the prime factors of k?
2, 7
Let h(q) = -7*q**3 - 2. What are the prime factors of h(-2)?
2, 3
Let i be (-33)/22*16/(-6). What are the prime factors of 55/2 - (-2)/i?
2, 7
Let v be (15/(-25))/((-2)/(-10)). List the prime factors of (v/3)/(3/(-21)).
7
Let x be 16/(-24)*(-51)/2. Suppose -2*s + 5 = -x. List the prime factors of s.
11
Let j(g) = -g**2 - 10*g - 7. Let y be j(-6). Suppose -b - 3*k = 2*k - y, 34 = 2*b + 4*k. What are the prime factors of b?
17
Let t be ((-24)/10)/((-2)/(-10)). Let r = 24 + t. List the prime factors of r.
2, 3
Suppose -2*x = 2, -3*i - 2 + 6 = -x. Let w(a) = 38*a**2 + 2*a - 2. List the prime factors of w(i).
2, 19
Let g = -3 + 3. Let y(o) = -o + 27. Let h be y(g). Suppose 53 + h = 5*w. List the prime factors of w.
2
Let s = -11 - -14. Suppose -s + 8 = i. What are the prime factors of i?
5
Suppose 0 = 5*x - 7 - 8. Suppose 0 = n - x*g + 4*g - 9, -2*g = 3*n - 32. What are the prime factors of n?
2, 7
Suppose -d + 84 = 3*d. Suppose -d*u = -25*u + 44. What are the prime factors of u?
11
Let c = 331 - 225. What are the prime factors of c?
2, 53
Let o = 2 + 2. Let b(f) = -f**3 + 3*f**2 - 5*f + 5. Let n be b(o). Let x = -19 - n. What are the prime factors of x?
2, 3
Suppose -37 + 7 = -5*t. Suppose 2*q - t*q = -36. What are the prime factors of q?
3
Let c = 18 - 6. List the prime factors of c.
2, 3
What are the prime factors of 1151/10 - (-9)/(-90)?
5, 23
Suppose 4*c - 40 = -0*c. What are the prime factors of c?
2, 5
Let c = 27 + 56. What are the prime factors of c?
83
Suppose -3*g - 4*r + 5 + 14 = 0, 2*g - 3*r = -10. Suppose -f = -4 - g. What are the prime factors of f?
5
Let v be (-1 - (-2)/2) + 3. Let s(j) = -j**2 + 4*j. What are the prime factors of s(v)?
3
Let w be -6 - 1*(-1 - 0). Let l(u) = 2*u**2 - 3*u**2 - 6 + u - 8*u. List the prime factors of l(w).
2
Suppose -4*u - 3*a + 420 = a, 4*u - 413 = 3*a. List the prime factors of u.
2, 13
Let q(l) = 18*l**2 - 2*l + 1. Let t = -5 - -6. List the prime factors of q(t).
17
Suppose -5*g + 1 = -4*p, 4*g + 4*p - 14 = -6. Let r(w) = w**2 + 4*w - 4. Let f be r(-4). Let m = g - f. List the prime factors of m.
5
Suppose 0 = 5*n - 4*u - 1571, -5*n + 5*u + 340 = -1235. List the prime factors of n.
311
Suppose 7 + 8 = 5*h. Suppose h*y + y = 108. Let u = y + -15. What are the prime factors of u?
2, 3
Let w be ((-12)/(-8))/(6/(-224)). Let b = w - -95. What are the prime factors of b?
3, 13
Suppose -k + 40 = k + 4*o, 3*k = 4*o + 40. What are the prime factors of k?
2
Suppose -d + s - 3 = -55, -5*s = 4*d - 163. What are the prime factors of d?
47
Let i(v) be the third derivative of 13*v**6/120 - v**5/60 + v**4/24 + 2*v**2. List the prime factors of i(1).
13
Suppose 2*r - 40 = 3*g, 2*g + 68 = -3*g + 3*r. Let f = -20 + 22. List the prime factors of 2 - 0 - g/f.
2, 5
Let p = -6 - -7. Let u(l) = 46*l + 2. What are the prime factors of u(p)?
2, 3
Suppose w + 3*w = 4*a + 44, 3*a = -4*w + 58. List the prime factors of w.
13
Suppose -175 = -10*q + 15*q. Let x = q - -63. List the prime factors of x.
2, 7
Let u(y) = -8*y**3 - y**2 - 2. Let p be u(-2). Suppose -2*l + 34 = 3*v, 0*l - 4*l - p = -3*v. What are the prime factors of v?
2, 7
What are the prime factors of 1*(28 + -1 + 1)?
2, 7
Let m be 4/(-2) + (-3 - -39). Let u be (-88)/(-5) - (-2)/5. Let n = m - u. What are the prime factors of n?
2
Suppose -2*c = -6, -2*c = i + i - 8. What are the prime factors of 19 + (i - (3 + -2))?
19
Let u(l) = 4*l**2 + 6*l + 3. What are the prime factors of u(-3)?
3, 7
Let j = 7 + -5. Suppose -5*u - j*u = -287. List the prime factors of u.
41
Let m(z) be the third derivative of -z**4/12 - z**3 + 5*z**2. What are the prime factors of m(-10)?
2, 7
Let o be 30*(-1 + (-7)/(-5)). Suppose -2*a = 3*a. Let j = o - a. What are the prime factors of j?
2, 3
Suppose -i - 3*i + 100 = 0. List the prime factors of i.
5
Let c(m) = -3*m - 24. List the prime factors of c(-9).
3
Suppose 280 = t - 32. List the